are the prime factors of (80125/5)/(210/126)?
3, 5, 641
Suppose 0 = 3*t + 3047 + 2503. Let s = 2893 + t. What are the prime factors of s?
7, 149
Let u be (-1)/8 + (-43070)/1168. Let v(a) = -a**3 + a + 117. Let w be v(0). Let t = w - u. What are the prime factors of t?
2, 7, 11
Suppose -5*l + 130900 = -19*w + 24*w, 2*w - 130891 = -5*l. List the prime factors of l.
26177
List the prime factors of (-3602)/8*(-43 + (-30 - 43)).
29, 1801
Let j be (-28)/(-6)*-5*2508/(-385). Let v be (-1*12/2)/(-1). List the prime factors of (j/(-10))/(v/(-15)).
2, 19
Suppose -145788 = 10*i + 22*i - 44*i. What are the prime factors of i?
12149
Let q(n) = 49*n - 151. Let p be q(-4). Let w = -272 - p. What are the prime factors of w?
3, 5
List the prime factors of 39/208 + 1985628/192.
2, 5171
Suppose 3*i = -i + 4*v + 96, 0 = -2*v - 6. Let z = 1072 - i. What are the prime factors of z?
1051
Let g(m) be the third derivative of m**5/20 + m**4/24 - 4*m**3/3 + 48*m**2. Let p be ((-2)/4)/(1/(-12)). What are the prime factors of g(p)?
2, 53
Let o(m) = -63*m - 48. Let n be o(11). Let c = n + 1152. List the prime factors of c.
3, 137
Let n(k) = -6*k + 18. Let v be n(5). Let g = 16 + v. List the prime factors of 174*-1*g/(-8).
3, 29
Suppose 0*s = -4*s - 16, -5*c - 4*s = -89. Suppose u + 12 = 4*u - 3*r, 4*r + c = 5*u. Let n(y) = 5*y**2 + 6*y - 26. What are the prime factors of n(u)?
3, 43
Let g(f) = f**3 + 26*f**2 + 32*f - 60. Let l be g(-25). Let p = l + 355. What are the prime factors of p?
2, 3, 5
Let b be 32*(66/4)/(8 + -5). Let z = b + 144. List the prime factors of ((0 + z)/2)/((-2)/(-3)).
2, 3, 5
Suppose -x - 5*f + 16 = -26, 3*x - 4*f - 50 = 0. Let u be x*(0 - (3 - -5)). Let d = 28 - u. List the prime factors of d.
2, 3, 17
Let o be -2*7/3*(-48)/28. Let m(r) = 3*r - 12. Let s be m(o). Suppose -s*i + 555 = -9*i. What are the prime factors of i?
5, 37
Suppose 2*n = 4*j + 7*n - 25461, -5*j + 2*n = -31818. What are the prime factors of j?
2, 37, 43
List the prime factors of (-116511)/(-3) - (-3 + 11 + -17).
2, 19423
Let k(b) = -b**3 - 13*b**2 - 23*b - 65. Let d be k(-13). What are the prime factors of d/(-39)*(-460)/3?
2, 5, 23
List the prime factors of ((-2441754)/69)/(-3) + (-10)/(-115).
2, 3, 983
What are the prime factors of (-7 - 1168/6)/((-4)/156)?
5, 11, 13
Suppose -204 = -4*k + 4*q, -3*k = -6*k + 2*q + 151. Suppose 159 - k = -10*i. What are the prime factors of (i + 3)/(-2) + 173?
3, 59
Let d(o) = -o**2 - 20*o - 46. Let p be d(-3). Suppose -12*h + 17*h = 5*v + 7195, -2*h + p*v + 2887 = 0. List the prime factors of h.
2, 359
Let z = 17525 - 11223. Suppose 22*j - 2344 = z. List the prime factors of j.
3, 131
Suppose -y - 1016 = 4*n - 0*y, -1012 = 4*n + 2*y. Let u = 326 + n. List the prime factors of u.
71
Suppose -3797 = 10*h - 124*h + 21511. List the prime factors of h.
2, 3, 37
Let k(y) = 48*y - 212. Let x be k(-18). Let n = x + 2314. List the prime factors of n.
2, 619
Let c(g) be the second derivative of 7*g**4/12 + 7*g**3/3 - 3*g**2/2 - g + 119. List the prime factors of c(-10).
557
What are the prime factors of -12*7/(308/(-627))*285?
3, 5, 19
Let z be 5 - (2 - 0/(-1)). Suppose -3*m - 4 - 5 = v, v = 3*m + z. What are the prime factors of (-101 - -9)*v/4 - -2?
71
Let f = 115 - 28. List the prime factors of (-4)/(-10) - (-22)/165*f.
2, 3
Let g = -225 + 220. What are the prime factors of 1134/2*5/(-25)*g?
3, 7
Let y be 289*2 + 27/36*-4. Let l = y - 357. What are the prime factors of l?
2, 109
Let w = 29002 - 10776. What are the prime factors of w?
2, 13, 701
Suppose 0 = 3*f - f - 3*g - 4508, 5*f - 2*g = 11281. List the prime factors of f.
37, 61
List the prime factors of -4 - -32680 - (-7 + 12) - -9.
2, 5, 19, 43
Let x be (37 + 0/2)/((-3)/12). Suppose 3*q - 22 = -268. Let k = q - x. What are the prime factors of k?
2, 3, 11
Let r(y) = -142*y + 236. Let i be r(10). Let b = -603 - i. What are the prime factors of b?
7, 83
Let q = 6122 - 900. Suppose 67*u - 74*u + q = 0. List the prime factors of u.
2, 373
Let p = 40 + -39. Suppose 2 = z + u - 6, 2*z - u = p. Suppose 4*v - 81 = -3*j, 0 = z*v + 4*j - 95 + 29. What are the prime factors of v?
2, 3
Let i(x) = 25*x - x**3 - 35*x - 2*x**2 - 5 - 4*x**2 - 3. Let f be i(-4). Suppose 4*c = -6 + 2, f = 4*m + 2*c - 114. List the prime factors of m.
29
Suppose 3*n - 145 = 260. Suppose -n - 55 = -5*q. Suppose -2*t + 3*t = -5*d + q, 3*d = -t + 44. What are the prime factors of t?
53
Let n(f) = -125*f + 14. Let q be n(2). Let c = 347 + q. Let v = -62 + c. What are the prime factors of v?
7
Let h(d) = -d**3 + 7*d**2 - 9*d - 12. Let o be h(4). Suppose 5*a - 1575 - 1070 = -4*x, 3*a - 3*x - 1614 = o. List the prime factors of a.
13, 41
Let b(n) = -n - 3. Let r be b(-3). Suppose r = 5*g + 16 - 26. Suppose g*c - 199 = 5*j, j + 318 = 4*c - c. List the prime factors of c.
107
Let g be 26*(1 + 1/2). Suppose -3*a - 850 = 3*h + h, -2 = -a. Let p = g - h. List the prime factors of p.
11, 23
Let q = 58 - 38. Suppose 5*o - q = -u, -3*o - 63 = -4*u - 6*o. What are the prime factors of ((-774)/45)/((-2)/u)?
3, 43
Let w(c) = 3*c - 27. Let v be w(13). Suppose -3*k = -v - 0. Suppose k*g - 319 = -3*d + 260, -2*d + 390 = 4*g. What are the prime factors of d?
3, 7
What are the prime factors of -11 - -18 - ((-3)/(-12) - (-78785)/(-20))?
2, 1973
Let k = -271 - -304. Suppose -4*u = -k + 25. What are the prime factors of u?
2
Suppose -33 = -o - 3*t, 54 + 51 = 5*o + 3*t. Let p = 18 - o. Suppose p = -2*j + 21 + 121. List the prime factors of j.
71
Suppose 2*q - 34 = 4*o, -o + 2*q - 6*q = 31. Suppose 13*v = 6*v - 21. List the prime factors of o/(-33) - 254/v.
5, 17
Suppose 16*z + 689034 - 2624378 = -81*z. What are the prime factors of z?
2, 29, 43
Let s be 2142 - (4 + -1)*(-65)/(-39). Let i = s + -849. List the prime factors of i.
2, 7, 23
Let q be -4*1 - 13050/(-6). Let w = -1528 + q. List the prime factors of w.
643
Let y be (-53)/(-11) + 4/22 + -1. Let o be (-9 + 0 + y)*-1. Suppose -o*c - 73 = -198. List the prime factors of c.
5
Suppose -23447 = 4*m - 28631. List the prime factors of m.
2, 3
Let o = 20313 + -11211. What are the prime factors of o?
2, 3, 37, 41
Suppose -2 = l - 2*o - 3, -3*o = -3*l + 6. Suppose 3907 = 5*w + 4*x, -7*w - 5*x + 3131 = -l*w. List the prime factors of w.
19, 41
Let q = -69 + 122. Suppose 24 + q = 7*d. Suppose -9*c - 12 = -d*c. What are the prime factors of c?
2, 3
Suppose 3*d - 6*d - 5*o + 27298 = 0, 45502 = 5*d + 3*o. What are the prime factors of d?
19, 479
Suppose 63*n + 2067 - 121597 = 53*n. List the prime factors of n.
11953
Let j be (6/(-4))/((-170)/20 + 8). Suppose -19 = -j*o + 5*s, -11*o = -12*o - 5*s - 7. What are the prime factors of o?
3
Let x be ((-26)/(-3))/(4/(-6)). Let u(h) = -h**3 + 12*h**2 - 9*h - 14. Let j(a) = a**3 - a. Let w(n) = -2*j(n) - u(n). List the prime factors of w(x).
2, 5
Let t be (-300)/(-78) + (-72)/39 + 2. Suppose -4*b = -2*q - 151 + 1525, -t*q - 4*b = -2712. What are the prime factors of q?
3, 227
Let m = -2241 - -3483. Let q = m - 633. Suppose f = 4*f - q. What are the prime factors of f?
7, 29
Let g(l) = l**3 - 5*l**2 - 1. Let t be 45/6 + (-6)/(-11 - 1). Suppose 9*i + t = 62. What are the prime factors of g(i)?
5, 7
Suppose y + 0*y - 2 = 0. Let i(g) = -2*g**2 + 33*g - 52. Let j be i(14). List the prime factors of (y + 32/6)*j.
2, 3, 11
Let v(h) = 2*h - 15. Let u be v(9). Let z(m) = 0*m**2 + m - 3*m**2 + 110 + m**2 + m**u - 2*m**3. List the prime factors of z(0).
2, 5, 11
What are the prime factors of (-1278210)/(-548)*(-100)/(-3)?
2, 5, 311
Suppose -5*o = -975 - 1530. Suppose -496*y = -o*y + 6210. What are the prime factors of y?
2, 3, 23
Let u = 308 - 103. Let q = -64 + u. What are the prime factors of q?
3, 47
Let h(d) = -d**3 + 9*d**2 - 2*d + 3. Let u(w) = w**3 + 6*w**2 - 3*w - 4. Let g be u(-6). Suppose 17*b - 15 = g*b. What are the prime factors of h(b)?
3, 31
Let s(c) = 5*c**2 - 28*c - 12. Let p = -79 - -88. Let o be s(p). Let g = o - -54. What are the prime factors of g?
3, 5, 13
Let f be 40/18 - (-8)/(-36). Suppose -4*y = f*p + 12, -2*p + 8 = -0*y - y. Suppose 4*n + p*a - 350 = -54, -65 = -n - 5*a. List the prime factors of n.
3, 5
Suppose -32 = 3*n - 89. Suppose n = 4*k + 3, 2*k - 4 = -i. Let o(p) = 8*p**2 + 4*p - 7. List the prime factors of o(i).
3, 5, 7
Let r(j) = -53*j - 440. Le